 + f - 92, 9*f + 140 = 5*o + 4*f. List the prime factors of o.
2, 3, 5
Suppose 400 = 5*s - 4*z, -2*s - z + 147 = -0*z. Let c = s + -22. List the prime factors of c.
2, 3
Let i(v) = v**3 + 6*v**2 - 3*v + 6. Let s be i(-6). Suppose -2*y = y - s. Let f = y - 6. What are the prime factors of f?
2
List the prime factors of -2 - 0/(-1) - -40.
2, 19
Let c(t) = 2*t**2 - t - 2. Let x be c(2). Suppose -m = 2*d - x, -4*d + 3*d + 20 = -4*m. Suppose -d*s = -1 - 7. What are the prime factors of s?
2
Let n(w) = w**2 + 5*w - 5. Let q be n(-7). Let z = 21 - q. List the prime factors of z.
2, 3
Suppose 0 = 6*v - 2*v - 24. Suppose v*d - 170 = d. List the prime factors of d.
2, 17
Suppose g = -g + 10. Suppose 9 = g*z - 6. Suppose -4*n = -z*d + 36, -d - 3*d = -2*n - 38. What are the prime factors of d?
2
Let t be (-16)/(-6) + 2/6. Suppose 1 = -o + t. Let k(w) = 3*w**2 - w - 2. What are the prime factors of k(o)?
2
Suppose 0 = 2*a - 3*a + 43. What are the prime factors of a?
43
Suppose 110 + 246 = 4*r. What are the prime factors of r?
89
Suppose -2*u - 2*u = -j - 4, -2*j - u = -37. Let r = j - -2. What are the prime factors of r?
2, 3
Suppose -2*i = -6*i + 24. Suppose -3*l = 2*c - i, -l - 6*c = -5*c - 1. Suppose l*p - 30 = 2*p. What are the prime factors of p?
3, 5
Let i be (2/(-3))/(4/(-18)). Suppose -120 = -0*g - i*g. What are the prime factors of g?
2, 5
Let b(z) = 56*z**3 + 2*z**2 - 1. List the prime factors of b(1).
3, 19
What are the prime factors of 2/(-4)*(-2)/(-1)*-166?
2, 83
Let z(q) = -q - 8. Let x be z(-10). Let k = 8 - x. What are the prime factors of k?
2, 3
Suppose 21 = -2*s - 23. Let g be (-4)/1*s/(-4). Let v = g + 32. List the prime factors of v.
2, 5
Let r(v) = v**2 - 2*v + 8. List the prime factors of r(-11).
151
Let p be 1*-4*3/4. What are the prime factors of (p/(-4))/(1/8)?
2, 3
Let d = 118 - 82. What are the prime factors of d?
2, 3
List the prime factors of (-672)/(-20) + (-2)/(-5).
2, 17
Let p(w) = -w**3 - 6*w**2 + 7*w + 10. List the prime factors of p(-7).
2, 5
Suppose -186 - 114 = -4*k. List the prime factors of k.
3, 5
Suppose -11 - 5 = z. Let h = z + 25. List the prime factors of h.
3
Suppose -3*f + 126 = -3*z + 6*z, 78 = 2*f - z. What are the prime factors of f?
2, 5
Let w(v) be the third derivative of -v**7/504 + v**6/720 - v**5/30 + v**2. Let c(k) be the third derivative of w(k). What are the prime factors of c(-1)?
11
Suppose 32 = -2*d - 92. List the prime factors of (d/(-5))/((-10)/(-25)).
31
Let o(y) = -4 - 2 + y + 3. List the prime factors of o(6).
3
Let c be ((-3)/6)/(1/(-4)). Suppose -3*x = 2*y - 22, -7*x + 18 = y - c*x. List the prime factors of y.
2
Suppose -4*m - 4*i = i - 33, -5*i = -5. What are the prime factors of (-2*m)/(-3 - -1)?
7
Let c(z) be the third derivative of -1/12*z**4 + 0 + 1/2*z**3 + 2*z**2 + 1/20*z**5 - 1/120*z**6 + 0*z. What are the prime factors of c(2)?
3
Suppose 4*z + 2 = 10. Let d be (z/(-2))/((-3)/(-6)). What are the prime factors of 4/d*(-6)/1?
2, 3
Let c be 2 + -2 + (1 - 3). List the prime factors of (-10)/(2/c) + 0.
2, 5
Let x = 14 + -10. List the prime factors of x.
2
Suppose -40 = -2*a - 0. Let q be 8/a - (-13)/5. Suppose -q*r = -w - 23, r + 0*r = 4*w + 26. What are the prime factors of r?
2, 3
Suppose -13 = 3*l - o, -5*o + 0 = -5*l - 5. Let b = l - -10. What are the prime factors of b?
2
Let h(u) = -u**2 - u - 3. Let f(i) = -4*i**2 - 3*i - 13. Let j(m) = -2*f(m) + 9*h(m). Let s be j(-1). Suppose 4*k = 27 + s. What are the prime factors of k?
7
Let y be ((-12)/8)/((-6)/8). Suppose -d = -h - y*h + 28, -4*h + 34 = 2*d. List the prime factors of h.
3
Let l be (-4 + 2)/(2/(-3)). Suppose -4*u = -2*u. Suppose -5*g + 3*s + 64 = u, -2*g + 6 = l*s - 7. List the prime factors of g.
11
Suppose -2*k = k. Suppose k*t - 12 = -2*t. What are the prime factors of t?
2, 3
Let p(w) = -3*w - 12. List the prime factors of p(-7).
3
Suppose 6 = 3*b + 3. Let n = b - -4. List the prime factors of n.
5
Let i = 24 - 36. What are the prime factors of (i/10)/(18/(-585))?
3, 13
Let y(d) = d**3 + 12*d**2 - 14*d - 19. Let i be y(-13). Let l = i + 9. Suppose l*r - o - 4*o = 43, 0 = -4*o - 20. List the prime factors of r.
2, 3
Suppose 0 = -p - 4*p + 15. Suppose -3*j + 4 = 4*o - 3*o, -3*j + 36 = p*o. Suppose -5*f + 3*z + 16 = 0, 0*f + 3*f - 5*z = o. List the prime factors of f.
2
Suppose -3*r + 6*r = 0. Suppose -2*t + 6 = r, -3*o + 42 = 2*t - 0*t. What are the prime factors of o?
2, 3
Suppose 1 = y - 2*y. List the prime factors of -2 + y + 1*8.
5
Suppose -5*h = -44 - 16. Let t = h - 7. Suppose 3*w + t*j = 45, -3*j = -0*w + w - 19. List the prime factors of w.
2, 5
Suppose 3*o - o = -6. Let g = o + 28. List the prime factors of g.
5
Let t(r) = 6*r**3 - 2*r**2 + 5*r - 2. Let l(c) = 3*c**3 - c**2 + 2*c - 1. Let o(i) = -7*l(i) + 3*t(i). What are the prime factors of o(-1)?
2
List the prime factors of ((-117)/6)/((-7)/14).
3, 13
Suppose 0*s - 360 = -2*s. Let l = s + -291. List the prime factors of 1/(2 - l/(-57)).
19
Let y = -50 + 171. What are the prime factors of y?
11
Let c(t) = 26*t**2 + 2*t + 1. Let m be c(-1). Let j = m + -15. List the prime factors of j.
2, 5
Let v(r) = r**2 - 5*r + 7. Let f(j) = -2*j**2 + 11*j - 15. Let a(n) = -3*f(n) - 5*v(n). Suppose -2*b = 3*b - 45. List the prime factors of a(b).
19
Let r(z) = -8*z - 3. List the prime factors of r(-1).
5
Let p = -17 + 46. List the prime factors of p.
29
Let d(f) = f**2 + 5*f - 5. Let b be d(-5). List the prime factors of (-222)/b + (-4)/10.
2, 11
What are the prime factors of 156 + 4 + (-1)/(3/12)?
2, 3, 13
List the prime factors of ((-12)/(-10))/((-6)/(-220)).
2, 11
List the prime factors of 9*176/12 - 2*1.
2, 5, 13
Let j(g) = 6*g - 14. What are the prime factors of j(7)?
2, 7
Let w be (9 - 2)*(-4 + 1). List the prime factors of (-89)/(-3) + (-7)/w.
2, 3, 5
Let g be 4/(-22) - (-171)/33. Suppose g*l = l + 60. List the prime factors of l.
3, 5
Suppose -6*f = -3*s - f + 33, -2*s = -2*f - 18. Suppose z = -5*m + m - s, 0 = -5*z + 10. Let i = m - -6. List the prime factors of i.
2
Let r be ((-1)/2)/(1/(-22)). Suppose q - 7 = -2. Let l = r - q. List the prime factors of l.
2, 3
Let g = -13 + 19. Let i(v) = -v**2 + 6*v + 5. Let o be i(g). Suppose 3*u - o = 4. List the prime factors of u.
3
Suppose 0 = 2*p + 2*p - 12. Let g(v) = v**2 - 4*v + 2. Let h be g(p). Let y = 7 + h. What are the prime factors of y?
2, 3
Suppose 5*x = 5*f - 10, 4*f + 3*x - 13 = 2*x. Suppose 4*u + 0*o = 4*o + 96, -f*u + 40 = 5*o. What are the prime factors of u?
2, 5
Let m = -24 + 343. List the prime factors of m.
11, 29
Suppose -6*t + 12 = -2*t. Let p be 1/(1/21*t). Let c = -4 + p. What are the prime factors of c?
3
Suppose 4*q + 5 = t + 111, -q = -2*t - 30. What are the prime factors of q?
2, 13
List the prime factors of ((-6)/8)/((-2)/152).
3, 19
Let v be ((-3)/9)/(2/(-18)). Let d be ((-1)/2)/(v/(-30)). Suppose -4*g + 6*g = p + d, 0 = -p + 5*g - 20. What are the prime factors of p?
5
Suppose 3*q + 9 = -2*q - 4*s, 23 = -3*q + 2*s. What are the prime factors of (-2)/(-4)*(-110)/q?
11
Suppose 6*j - j = 200. Suppose 2*p = -2*p + j. What are the prime factors of p?
2, 5
Let m = -1 - -15. List the prime factors of m.
2, 7
Let a(c) = -2*c - 3. Let p(q) = -q. Let w(r) = a(r) - 4*p(r). Let z be w(3). Suppose -d = 2*d + 2*y - 59, z*d - y = 56. List the prime factors of d.
19
Let b = -27 - -59. Let q = b - 22. What are the prime factors of q?
2, 5
Let r = 0 + 25. Suppose -28 = -4*h + 3*b + 23, 0 = 2*h - b - r. List the prime factors of h.
2, 3
Let t = -2 - 3. Let b = 45 - t. Suppose -2*h - b = -7*h. What are the prime factors of h?
2, 5
Let v = 17 - 11. List the prime factors of v.
2, 3
Let l = -167 - -495. What are the prime factors of l?
2, 41
Let x = 12 + -9. Suppose 0 = -4*k + z + 1 + 14, -z = 2*k - 15. What are the prime factors of -3*k*(2 - x)?
3, 5
Let o(q) = -q**3 + 8*q**2 + 4*q + 2. What are the prime factors of o(8)?
2, 17
Let m be 2/(-6) - 30/(-9). Suppose m*b - 59 = 103. Suppose -5*k + b = v, -2*k + v - 11 = -34. What are the prime factors of k?
11
Suppose -208 = -2*z - 74. Suppose 4*q = -6*v + 3*v + z, -3*v + 2*q + 79 = 0. Suppose -3*n + 26 = -v. What are the prime factors of n?
17
Let n = 18 - -9. List the prime factors of n.
3
Suppose 3*c + 80 = 4*h - c, -4*h - c + 105 = 0. List the prime factors o